h + 11 - 51 = -2*a, -3*a = -4*h - 60. What is the tens digit of a/110 - (-5454)/11?
9
Suppose -155330 = -2*z + 6*i, 388429 = 5*z + 235*i - 237*i. What is the ten thousands digit of z?
7
Suppose -v - q = 1, 2*q - 4 = 3*v + 4*q. Let o be (-4968)/30*20/(-6) + v. Suppose -o = -4*a + 2*l - 0*l, 0 = 3*a + l - 420. What is the tens digit of a?
3
Suppose -22 = -3*h + 8. Suppose h*y - 50 = -10. Suppose 6*r = m + 11*r - 122, y*r = m - 131. What is the tens digit of m?
2
Let p be (10 + -9)*(-760)/4. What is the hundreds digit of 20/p + 9882/19?
5
What is the tens digit of -7 - 943222/(-42) - (-8)/6?
5
Suppose 0 = j - 5*h + 4*h - 3, 5*j + 3*h - 7 = 0. Suppose 1248 - 6657 = -5*t - j*d, t - 1071 = -4*d. What is the units digit of t?
3
Suppose -36*i = -29*i - 107632. What is the hundreds digit of (-16)/(-40) - (-2 + i/(-10))?
5
Suppose 4*s = -c + 13, -2*s + 35 = 3*s - 5*c. Suppose 0 = -3*a + 12, s*f + 58 = -2*a + 2. What is the tens digit of ((-1 - -6)/1)/(f/(-496))?
5
Let t(u) = 173*u**3 - 12*u**2 - 19*u + 125. What is the thousands digit of t(5)?
1
Suppose 410 + 524 = 2*p - b, -2*b = -3*p + 1401. Suppose -p*k + 462*k = -3015. What is the hundreds digit of k?
6
Let a = -266 - -62. Let g = a + 382. What is the units digit of g?
8
Suppose -z - 4*l = 4*z - 8, 0 = 3*z + l - 9. Let n(r) = r**3 - 16 + 6 - z*r**2 + 1 + 8 + 7*r. What is the tens digit of n(4)?
2
Suppose -4*t = -t. Let r be ((858/24)/(-13))/(1/(-4)). Suppose -r*u + 6*u + 385 = t. What is the units digit of u?
7
Let a(o) = -35*o**3 - 8. Let k be a(-4). Let n = k + -1561. What is the units digit of n?
1
Suppose 0 = 5*j, -2*f - 3*j = -4 + 38. Let g(o) = -7*o**2 + 10*o**2 + o**3 + 15*o**2 + 22*o - 3*o + 52. What is the tens digit of g(f)?
1
Suppose 2*q + 9*r - 37993 = 10*r, -56995 = -3*q - 4*r. Suppose -19*a + q + 11764 = 0. What is the hundreds digit of a?
6
Let n(r) = 64*r + 283. Let c be n(-24). Let p = -101 - c. What is the hundreds digit of p?
1
Suppose -4*w = 3*o - 4020, 4*w = 4*o - 3639 - 1721. Suppose -5*f + o = -3*f. Suppose 0 = 3*p - 8*p + f. What is the tens digit of p?
3
Suppose -21 = 4*m - 29. Suppose -q + m - 17 = -3*a, -2*a - 4 = 0. What is the units digit of (-6)/q - 8/((-224)/1812)?
5
Suppose -2*m = -6, 2*q + 966 + 810 = 2*m. Let g be q/5*1/3. Let u = 89 + g. What is the tens digit of u?
3
Suppose -7*z + 82 = 40. Let f(b) = 4*b**3 - 11*b**2 + 4*b - 22. What is the tens digit of f(z)?
7
Suppose 0 = t + 4*z - 10502 + 1551, 4*z = -4*t + 35756. Suppose -529 = -8*f + t. What is the units digit of f?
3
Suppose 2*v = 9*o - 11*o + 3082, 2*o - 2*v = 3106. What is the hundreds digit of o?
5
Let p(q) = q**3 - 17*q**2 + 5*q + 1. Let o be p(17). Suppose 4*b - 3*h = 607, -4*h - 311 = -2*b - 5*h. Let d = b - o. What is the units digit of d?
8
Let c be 4*((-34)/(-8) + 6). Let s = c - -307. What is the units digit of s?
8
Suppose -39*r + 49*r - 101960 - 24460 = 0. What is the tens digit of r?
4
What is the units digit of ((-13662)/45)/((-6)/21 - (-3)/(-210))?
2
Let c(z) = 4*z + 4037. What is the thousands digit of c(-59)?
3
Suppose 32631 = 163*l - 159*l - 71729. What is the ten thousands digit of l?
2
Let h = -1041 + 676. Suppose -10*f + 671 = 2551. Let b = f - h. What is the units digit of b?
7
Let z(c) = -c**3 - 35*c**2 - 95*c + 72. Let d be z(-32). Suppose -d*b = -30*b - 18480. What is the units digit of b?
8
Let y(l) = l**3 + 13*l**2 + 9*l - 29. Let o be y(-12). Suppose o*f + 2760 = 9*f. What is the thousands digit of f?
1
Suppose -n - 2*c = -277, -4*n - 224 + 1325 = c. Suppose l - n = -3*g, 0*l + 5*g - 547 = -2*l. What is the hundreds digit of l?
2
Let f be 1/(2/(-16)*1). Let h be (f/(-5))/(10/25). Suppose g - c = -5*c + 16, 12 = -h*c. What is the tens digit of g?
2
Suppose 0 = 72*g - 51*g - 136752. What is the hundreds digit of g?
5
Let o(u) = 5*u - 27. Let t be o(6). Suppose -t*y + 50 = -10. What is the units digit of ((-12)/y - 1)*-30?
8
Let b(r) = -r**3 - 3*r**2 + 9*r + 4. Let k be b(-5). Suppose v = -k*v - v. Suppose -4*d + 400 + 124 = v. What is the tens digit of d?
3
Suppose -97110 = -167*q + 154*q. What is the hundreds digit of q?
4
Let y(n) be the third derivative of -19*n**4/12 + 5*n**3/6 + 4*n**2 + n. What is the units digit of y(-14)?
7
Suppose 182*i - 1084668 + 89054 = 1012210. What is the hundreds digit of i?
0
What is the tens digit of 4/3*(-670642)/(-70) - (-4)/(-30)?
7
Let c(n) = -n**2 - n - 1. Let u(l) = -l**3 - 14*l**2 + 4*l - 57. Let g(s) = -4*c(s) - u(s). What is the tens digit of g(-13)?
0
Let p(g) = 11*g**3 - 22*g**2 - 93*g + 39. What is the units digit of p(14)?
9
Suppose -5*b + x - 5*x - 39 = 0, b + 3*x = -10. Let c(r) = -r**3 - 2*r**2 - 7*r - 8. What is the units digit of c(b)?
6
Suppose 15*n - 690 = 12*n + 3*u, -2*u = -4*n + 912. What is the units digit of -3 - (-3 - -7)*-1*n?
1
Suppose 10 = 2*z - 4*d - 0, 2*d = 4. Let n(k) = 52*k**2 - 13 - 51*k**2 + 8 + 3*k. What is the hundreds digit of n(z)?
1
Suppose 0 = -d - 2 + 7. Let h be ((-2)/d)/(7/(-2100)). Let c = h + -63. What is the tens digit of c?
5
Let y(b) = b**3 + 8*b**2 + 2*b + 27. Let k be y(-8). Suppose 0*c + 506 = k*c. What is the tens digit of c?
4
Suppose -2*i - 45114 = 4*b - 111648, 3*i - 3*b - 99738 = 0. What is the hundreds digit of i?
2
What is the hundreds digit of -11 - ((-48910)/1)/10?
8
Let n = -1 + 6. Let w(q) = q**3 - 2*q**2 + 2*q + 4. Let u be w(n). Suppose -129 = -3*b - h, -4*h + u - 13 = 2*b. What is the tens digit of b?
4
What is the tens digit of (3 + -5)*-43*(-1305)/(-10)?
2
Suppose 3*g = -2*f - 34, -38 - 14 = 3*f + 5*g. What is the tens digit of f*(-5)/20*278 + 0?
7
Suppose 2698 = 2*w + s, 8701 = 5*w + 3*s + 1954. Let y = 2011 - w. Suppose 10*l = y - 4. What is the units digit of l?
6
Let a = 30 + -3. Suppose -18*d - 1143 = -a*d. Suppose 0 = -3*m - 5*w + 637 - d, -3*m - 3*w + 510 = 0. What is the tens digit of m?
7
Let h(c) = 126*c**2 + 1560*c - 26. What is the hundreds digit of h(-25)?
7
Let y(x) = 7*x**2 - 84 - 8*x**2 + 19*x + x**3 + x - x + 6*x**2. What is the tens digit of y(6)?
2
Let b(q) be the first derivative of -9*q**2/2 + 57*q + 28. What is the tens digit of b(0)?
5
What is the tens digit of (-69 - -73 - (-2 - 65749)) + 11?
6
Suppose -4*l + 165 = 4*m - 63, -2*m + 5*l + 100 = 0. Let g = m + -43. What is the tens digit of g?
1
Let q = -5412 + 7960. Suppose 7*i - 14*i = -q. What is the hundreds digit of i?
3
Suppose 0 = -4*k - 6*k + 30. Suppose -5*p - 4*c = -3334, k*c - 1849 - 152 = -3*p. What is the tens digit of p?
6
Suppose -4*w + 4656 = 106*z - 102*z, w = -2*z + 2328. What is the hundreds digit of z?
1
Suppose 2*k - t - 2*t = 16, 5*t = k - 22. Suppose c - 193 = -2*c + 4*d, -5*c = -k*d - 303. Suppose -c = -6*w + 163. What is the units digit of w?
7
Let n(p) = -135*p**3 + 11*p**2 + 9*p + 6. What is the tens digit of n(-4)?
8
Let y(o) = 2*o + 5 - 3*o - 3*o + 5*o. Let w be y(-5). Suppose w = 4*r - 0*b - 3*b - 24, 4*b - 24 = -4*r. What is the units digit of r?
6
Suppose 5*r - 5*t - 339705 = 0, -5*r + 453083 - 113382 = -3*t. What is the ten thousands digit of r?
6
Let j be (16/12)/4*1695. Suppose -5*p - 2*m + 1795 = 0, 4*p + m - 871 = j. What is the tens digit of p?
5
Suppose 0 = -10*w + 22005 + 368735. What is the thousands digit of w?
9
Suppose 0 = z - 2, -979 - 191 = -2*y - 4*z. Suppose 32*a - y = 4315. What is the units digit of a?
3
Let s(x) = -20*x**3 + 14*x**2 - 35*x - 8. Let h be s(5). Let m = -1326 - h. What is the thousands digit of m?
1
Suppose -p - 26 = -2*p. Let s(i) = i**3 + 47*i**2 - 43*i + 349. Let j be s(-48). Let r = j - p. What is the tens digit of r?
8
Let f(b) = b**3 + b**2 + b + 70. Let m be f(0). Suppose -2*g = -9*g + m. Suppose g*s = -4*s + 2884. What is the units digit of s?
6
Suppose -1196*w + 1289*w = 1917195. What is the units digit of w?
5
Let b(j) = -j + 14. Let g be b(8). Suppose 7346 = 10*f + g. What is the units digit of f?
4
Let f(z) = 6*z**2 - 15*z + 4. Let y be f(5). Suppose -20*b = -21*b + y. What is the tens digit of b?
7
Let m = 3876 + -575. Let f = m - 1563. What is the tens digit of f?
3
Suppose 0 = -37*q - 10313 - 5190. Let t = q + 959. What is the units digit of t?
0
Let z(g) be the first derivative of 2*g**3/3 - 4*g**2 + 70*g - 195. What is the tens digit of z(-20)?
3
Let r(b) = -3*b**3 + 3*b**2 - 2*b - 44. Let a(s) = s**2 + 17*s + 10. Let k be 